{"id":169,"date":"2025-12-02T21:15:41","date_gmt":"2025-12-02T20:15:41","guid":{"rendered":"https:\/\/canzona.zus-ml.cz\/canzona\/?page_id=169"},"modified":"2026-03-17T21:32:05","modified_gmt":"2026-03-17T20:32:05","slug":"repertoar","status":"publish","type":"page","link":"https:\/\/canzona.zus-ml.cz\/canzona\/repertoar\/","title":{"rendered":"Reperto\u00e1r"},"content":{"rendered":"\t\t<div data-elementor-type=\"wp-page\" data-elementor-id=\"169\" class=\"elementor elementor-169\">\n\t\t\t\t<div class=\"elementor-element elementor-element-463f6ba e-con-full e-flex e-con e-parent\" data-id=\"463f6ba\" data-element_type=\"container\" data-e-type=\"container\">\n\t\t\t\t<div class=\"elementor-element elementor-element-d1108e0 elementor-invisible elementor-widget elementor-widget-text-editor\" data-id=\"d1108e0\" data-element_type=\"widget\" data-e-type=\"widget\" data-settings=\"{&quot;_animation&quot;:&quot;fadeInUp&quot;}\" data-widget_type=\"text-editor.default\">\n\t\t\t\t\t\t\t\t\t<p style=\"text-align: center;\" align=\"left\">( ) = rok prvn\u00edho proveden\u00ed na\u0161\u00edm sborem<\/p>\n<p style=\"text-align: center;\" align=\"left\">Adiemus &#8211; Karl Jenkins &nbsp;(2014)<\/p>\n<p style=\"text-align: center;\" align=\"left\">Ave Maria &#8211; Camille Saint Sa\u00ebns (2011)<\/p>\n<p style=\"text-align: center;\" align=\"left\">Ave Maria &#8211; Giulio Caccini (2014)<\/p>\n<p style=\"text-align: center;\" align=\"left\">Ave Verum Corpus &#8211; W. A. Mozart \/ upr. O. Cretan (2011)<\/p>\n<p style=\"text-align: center;\" align=\"left\">Brusi\u010d mr\u00e1z &#8211; Miroslav Raichl (2013)<\/p>\n<p style=\"text-align: center;\" align=\"left\">Caresse sur l\u00b4oc\u00e9an (Slav\u00edci v kleci)&nbsp;&#8211; Bruno Coulais (2011)<\/p>\n<p style=\"text-align: center;\" align=\"left\">Carmina Burana (d\u011btsk\u00e9 sbory) &#8211; Carl Orff (2010)<\/p>\n<p style=\"text-align: center;\" align=\"left\">Cerf-volant (Slav\u00edci v kleci) &#8211; Bruno Coulais (2012)<\/p>\n<p style=\"text-align: center;\" align=\"left\">Do, re, mi (The sound of music) &#8211; Richard Rodgers \/ upr. O. Cretan (2010)<\/p>\n<p style=\"text-align: center;\" align=\"left\">Hajn\u00fd je lesa p\u00e1n (2026)<\/p><p style=\"text-align: center;\" align=\"left\">Heal the world &#8211; Michael Jackson \/ upr. O. Cretan (2010)<\/p>\n<p style=\"text-align: center;\" align=\"left\">Hrajte si &#8211; Jan Vi\u010dar (2025)<\/p>\n<p style=\"text-align: center;\" align=\"left\">Jdu cestou, necestou &#8211; upr. O. Cretan (2010)<\/p>\n<p style=\"text-align: center;\" align=\"left\">Jak \u0161li brat\u0159i pro kl\u00e1du &#8211; Jan Vi\u010dar (2012)<\/p>\n<p style=\"text-align: center;\" align=\"left\">Koledy<\/p>\n<p style=\"text-align: center;\" align=\"left\">Na tom Bo\u0161ileck\u00fdm mostku &#8211; upr. Franti\u0161ek P\u00edcha&nbsp;(2013)<\/p>\n<p style=\"text-align: center;\" align=\"left\">O K\u00e1\u010de a s K\u00e1\u010dou &#8211; Jan Vi\u010dar (2011)<\/p>\n<p style=\"text-align: center;\" align=\"left\">Pie Jesu &#8211; A. L. Webber (z Requiemu) (2015)<\/p>\n<p style=\"text-align: center;\" align=\"left\">Prvn\u00ed sm\u011bs n\u00e1rodn\u00edch p\u00edsn\u00ed pro sbor a orchestr &#8211; Otakar Jeremi\u00e1\u0161 (2014)<\/p>\n<p style=\"text-align: center;\" align=\"left\">\u0160irok\u00fd, hlubok\u00fd &#8211;&nbsp;upr. O. Cretan&nbsp;(2010)<\/p>\n<p style=\"text-align: center;\" align=\"left\">Te\u010de voda, te\u010de &#8211; upr. O. Cretan (2011)<\/p>\n<p style=\"text-align: center;\" align=\"left\">Vois sur ton chemin (Slav\u00edci v kleci) &#8211; Bruno Coulais (2013)<\/p>\n<p style=\"text-align: center;\" align=\"left\">Zp\u011bvy lidu \u010desk\u00e9ho &#8211; Jan Mal\u00e1t (2013)<\/p>\t\t\t\t\t\t\t\t<\/div>\n\t\t\t\t<\/div>\n\t\t\t\t<\/div>\n\t\t","protected":false},"excerpt":{"rendered":"<p>( ) = rok prvn\u00edho proveden\u00ed na\u0161\u00edm sborem Adiemus &#8211; Karl Jenkins &nbsp;(2014) Ave Maria &#8211; Camille Saint Sa\u00ebns (2011) Ave Maria &#8211; Giulio Caccini (2014) Ave Verum Corpus &#8211; W. A. Mozart \/ upr. O. Cretan (2011) Brusi\u010d mr\u00e1z &#8211; Miroslav Raichl (2013) Caresse sur l\u00b4oc\u00e9an (Slav\u00edci v kleci)&nbsp;&#8211; [&hellip;]<\/p>\n","protected":false},"author":1,"featured_media":0,"parent":0,"menu_order":0,"comment_status":"closed","ping_status":"closed","template":"","meta":{"footnotes":""},"class_list":["post-169","page","type-page","status-publish","hentry"],"_links":{"self":[{"href":"https:\/\/canzona.zus-ml.cz\/canzona\/wp-json\/wp\/v2\/pages\/169","targetHints":{"allow":["GET"]}}],"collection":[{"href":"https:\/\/canzona.zus-ml.cz\/canzona\/wp-json\/wp\/v2\/pages"}],"about":[{"href":"https:\/\/canzona.zus-ml.cz\/canzona\/wp-json\/wp\/v2\/types\/page"}],"author":[{"embeddable":true,"href":"https:\/\/canzona.zus-ml.cz\/canzona\/wp-json\/wp\/v2\/users\/1"}],"replies":[{"embeddable":true,"href":"https:\/\/canzona.zus-ml.cz\/canzona\/wp-json\/wp\/v2\/comments?post=169"}],"version-history":[{"count":25,"href":"https:\/\/canzona.zus-ml.cz\/canzona\/wp-json\/wp\/v2\/pages\/169\/revisions"}],"predecessor-version":[{"id":1259,"href":"https:\/\/canzona.zus-ml.cz\/canzona\/wp-json\/wp\/v2\/pages\/169\/revisions\/1259"}],"wp:attachment":[{"href":"https:\/\/canzona.zus-ml.cz\/canzona\/wp-json\/wp\/v2\/media?parent=169"}],"curies":[{"name":"wp","href":"https:\/\/api.w.org\/{rel}","templated":true}]}}