{"id":19,"date":"2025-12-02T10:50:57","date_gmt":"2025-12-02T09:50:57","guid":{"rendered":"https:\/\/canzona.zus-ml.cz\/canzona\/?page_id=19"},"modified":"2026-04-25T08:08:52","modified_gmt":"2026-04-25T06:08:52","slug":"o-nas","status":"publish","type":"page","link":"https:\/\/canzona.zus-ml.cz\/canzona\/","title":{"rendered":"O n\u00e1s"},"content":{"rendered":"\t\t<div data-elementor-type=\"wp-page\" data-elementor-id=\"19\" class=\"elementor elementor-19\">\n\t\t\t\t<div class=\"elementor-element elementor-element-4242e7e e-flex e-con-boxed elementor-invisible e-con e-parent\" data-id=\"4242e7e\" data-element_type=\"container\" data-e-type=\"container\" data-settings=\"{&quot;animation&quot;:&quot;fadeInUp&quot;}\">\n\t\t\t\t\t<div class=\"e-con-inner\">\n\t\t\t\t<div class=\"elementor-element elementor-element-cf9b3d0 elementor-widget elementor-widget-heading\" data-id=\"cf9b3d0\" data-element_type=\"widget\" data-e-type=\"widget\" data-widget_type=\"heading.default\">\n\t\t\t\t\t<h1 class=\"elementor-heading-title elementor-size-default\">O n\u00e1s<\/h1>\t\t\t\t<\/div>\n\t\t\t\t\t<\/div>\n\t\t\t\t<\/div>\n\t\t<div class=\"elementor-element elementor-element-61f9595 e-flex e-con-boxed elementor-invisible e-con e-parent\" data-id=\"61f9595\" data-element_type=\"container\" data-e-type=\"container\" data-settings=\"{&quot;animation&quot;:&quot;fadeInUp&quot;}\">\n\t\t\t\t\t<div class=\"e-con-inner\">\n\t\t\t\t<div class=\"elementor-element elementor-element-d64402f elementor-invisible elementor-widget elementor-widget-heading\" data-id=\"d64402f\" data-element_type=\"widget\" data-e-type=\"widget\" data-settings=\"{&quot;_animation&quot;:&quot;fadeInUp&quot;}\" data-widget_type=\"heading.default\">\n\t\t\t\t\t<h4 class=\"elementor-heading-title elementor-size-default\"><a href=\"https:\/\/www.facebook.com\/profile.php?id=61577846126390&#038;locale=cs_CZ\" target=\"_blank\">Facebook Canzony<\/a><\/h4>\t\t\t\t<\/div>\n\t\t\t\t\t<\/div>\n\t\t\t\t<\/div>\n\t\t<div class=\"elementor-element elementor-element-6ef20d2 e-flex e-con-boxed elementor-invisible e-con e-parent\" data-id=\"6ef20d2\" data-element_type=\"container\" data-e-type=\"container\" data-settings=\"{&quot;animation&quot;:&quot;fadeInUp&quot;}\">\n\t\t\t\t\t<div class=\"e-con-inner\">\n\t\t\t\t<div class=\"elementor-element elementor-element-eec28f7 elementor-widget elementor-widget-heading\" data-id=\"eec28f7\" data-element_type=\"widget\" data-e-type=\"widget\" data-widget_type=\"heading.default\">\n\t\t\t\t\t<h4 class=\"elementor-heading-title elementor-size-default\"><a href=\"https:\/\/www.instagram.com\/sbor_canzona\/\" target=\"_blank\">Instagram Canzony<\/a><\/h4>\t\t\t\t<\/div>\n\t\t\t\t\t<\/div>\n\t\t\t\t<\/div>\n\t\t<div class=\"elementor-element elementor-element-2f8899f e-flex e-con-boxed elementor-invisible e-con e-parent\" data-id=\"2f8899f\" data-element_type=\"container\" data-e-type=\"container\" data-settings=\"{&quot;animation&quot;:&quot;fadeInUp&quot;}\">\n\t\t\t\t\t<div class=\"e-con-inner\">\n\t\t\t\t<div class=\"elementor-element elementor-element-eb83586 elementor-widget elementor-widget-image\" data-id=\"eb83586\" data-element_type=\"widget\" data-e-type=\"widget\" data-widget_type=\"image.default\">\n\t\t\t\t\t\t\t\t\t\t\t\t\t\t\t<img fetchpriority=\"high\" decoding=\"async\" width=\"724\" height=\"1024\" src=\"https:\/\/canzona.zus-ml.cz\/canzona\/wp-content\/uploads\/2026\/04\/Canzona-Plakat-01-724x1024.png\" class=\"attachment-large size-large wp-image-1484\" alt=\"\" srcset=\"https:\/\/canzona.zus-ml.cz\/canzona\/wp-content\/uploads\/2026\/04\/Canzona-Plakat-01-724x1024.png 724w, https:\/\/canzona.zus-ml.cz\/canzona\/wp-content\/uploads\/2026\/04\/Canzona-Plakat-01-212x300.png 212w, https:\/\/canzona.zus-ml.cz\/canzona\/wp-content\/uploads\/2026\/04\/Canzona-Plakat-01-106x150.png 106w, https:\/\/canzona.zus-ml.cz\/canzona\/wp-content\/uploads\/2026\/04\/Canzona-Plakat-01-768x1086.png 768w, https:\/\/canzona.zus-ml.cz\/canzona\/wp-content\/uploads\/2026\/04\/Canzona-Plakat-01-1086x1536.png 1086w, https:\/\/canzona.zus-ml.cz\/canzona\/wp-content\/uploads\/2026\/04\/Canzona-Plakat-01-1448x2048.png 1448w, https:\/\/canzona.zus-ml.cz\/canzona\/wp-content\/uploads\/2026\/04\/Canzona-Plakat-01.png 1654w\" sizes=\"(max-width: 724px) 100vw, 724px\" \/>\t\t\t\t\t\t\t\t\t\t\t\t\t\t\t<\/div>\n\t\t\t\t\t<\/div>\n\t\t\t\t<\/div>\n\t\t<div class=\"elementor-element elementor-element-8daabd7 e-flex e-con-boxed e-con e-parent\" data-id=\"8daabd7\" data-element_type=\"container\" data-e-type=\"container\" data-settings=\"{&quot;animation&quot;:&quot;none&quot;}\">\n\t\t\t\t\t<div class=\"e-con-inner\">\n\t\t<div class=\"elementor-element elementor-element-8127848 e-con-full e-flex e-con e-child\" data-id=\"8127848\" data-element_type=\"container\" data-e-type=\"container\">\n\t\t\t\t<div class=\"elementor-element elementor-element-d9bf593 elementor-invisible elementor-widget elementor-widget-text-editor\" data-id=\"d9bf593\" data-element_type=\"widget\" data-e-type=\"widget\" data-settings=\"{&quot;_animation&quot;:&quot;fadeInUp&quot;}\" data-widget_type=\"text-editor.default\">\n\t\t\t\t\t\t\t\t\t<p><\/p><p>1.4.2026 z\u00edskala Canzona St\u0159\u00edbrn\u00e9 p\u00e1smo na p\u0159ehl\u00eddce p\u011bveck\u00fdch sbor\u016f Karl. kraje v Lokti<\/p><p>13.3.2026 z\u00edskala Canzona St\u0159\u00edbrn\u00e9 p\u00e1smo v krajsk\u00e9m kole sout\u011b\u017ee p\u011bveck\u00fdch sbor\u016f v Karlov\u00fdch Varech<\/p><p><\/p><p>D\u011btsk\u00fd p\u011bveck\u00fd sbor\u00a0Canzona ZU\u0160 F. Chopina Mar. L\u00e1zn\u011b byl zalo\u017een v roce 2009 sbormistrem a u\u010ditelem zp\u011bvu Olimpiu Cretanem a je tvo\u0159en z\u00a0d\u011bt\u00ed ve v\u011bku 10\u00a0a\u017e 19 let.<\/p><p>V\u00a0roce 2010 se\u00a0Canzona\u00a0z\u00fa\u010dastnila mimo\u0159\u00e1dn\u00e9ho p\u0159edstaven\u00ed kant\u00e1ty Carmina Burana od Carla Orffa na z\u00e1mku v\u00a0Regensburgu za doprovodu Jugendorchestru EUROPERA a ve spolupr\u00e1ci s dal\u0161\u00edmi d\u011btsk\u00fdmi sbory z Karlovarsk\u00e9ho kraje.<\/p><p>V roce 2011, 2013 a 2014 vystoupil sbor Canzona za doprovodu Z\u00e1pado\u010desk\u00e9ho symfonick\u00e9ho orchestru Mar. L\u00e1zn\u011b na koncertech pro d\u011bti a rodi\u010de, kter\u00e9 dirigoval jeho sbormistr Olimpiu Cretan. <a href=\"https:\/\/www.youtube.com\/watch?v=nqM8q3tJrng\" target=\"_blank\" rel=\"noopener\">Koncertem za doprovodu ZSO ve Spole\u010densk\u00e9m dom\u011b Casino\u00a020.11.2014 oslavila Canzona 5 let od sv\u00e9ho zalo\u017een\u00ed.<\/a><\/p><p>2013 se Canzona z\u00fa\u010dastnila \u00a0celost\u00e1tn\u00ed p\u0159ehl\u00eddky d\u011btsk\u00fdch p\u011bveck\u00fdch sbor\u016f \u201eSv\u011btlo za Lidice\u201c, kde reprezentovala Karlovarsk\u00fd kraj.<\/p><p>Canzona pravideln\u011b sout\u011b\u017eila v Karlov\u00fdch Varech a v Sokolov\u011b. D\u016fle\u017eit\u00e1 ocen\u011bn\u00ed p\u0159i\u0161la v roce 2012 a 2013, kdy Canzona obdr\u017eela zlat\u00e9 p\u00e1smo v Sokolov\u011b na sout\u011b\u017en\u00ed p\u0159ehl\u00eddce &#8222;Sokolovsk\u00e9 zvonkobran\u00ed&#8220;. Nejd\u016fle\u017eit\u011bj\u0161\u00ed ocen\u011bn\u00ed dostala v roce 2014 v Praze na presti\u017en\u00edm celost\u00e1tn\u00edm sborov\u00e9m festivalu &#8222;Zahrada p\u00edsn\u00ed, kde z\u00edskala takt\u00e9\u017e zlat\u00e9 p\u00e1smo (<a href=\"https:\/\/youtu.be\/XAcLv-BjUSs?feature=shared\" target=\"_blank\" rel=\"noopener\">odkaz na vystoupen\u00ed<\/a>).<\/p><p>Canzona byla pravideln\u00fdm hostem benefi\u010dn\u00edch koncert\u016f pro Nadaci pro transplantaci kostn\u00ed d\u0159en\u011b. V r\u00e1mci t\u011bchto koncert\u016f vystoupila Canzona v kv\u011btnu\u00a02015 v divadle Josefa Kajet\u00e1na Tyla v Plzni (<a href=\"https:\/\/youtu.be\/e2CAZnPRvk8?feature=shared&amp;t=345\" target=\"_blank\" rel=\"noopener\">odkaz na vystoupen\u00ed<\/a>)<\/p><p>V obdob\u00ed 9. a\u017e 17.7. 2015 n\u00e1\u0161 sbor absolvoval velmi \u00fasp\u011b\u0161n\u011b sv\u016fj prvn\u00ed\u00a0koncertn\u00ed z\u00e1jezd do zahrani\u010d\u00ed: Great Malvern, Kington, Ledbury a\u00a0Twyning\u00a0v Anglii &#8211; <a href=\"https:\/\/goo.gl\/photos\/Cxer7T853j4NgsPK8\" target=\"_blank\" rel=\"noopener\">fotogalerie<\/a>, <a href=\"https:\/\/youtu.be\/VZiemNSnJAk?feature=shared\" target=\"_blank\" rel=\"noopener\">sest\u0159ih\u00a0z koncert\u016f<\/a><\/p><p>V \u0159\u00edjnu\u00a02015 musel\u00a0kv\u016fli zdravotn\u00edmu stavu\u00a0sbormistr O. Cretan\u00a0ukon\u010dit ve\u0161kerou pedagogickou aktivitu, v\u010detn\u011b veden\u00ed sboru. Od roku 2016 byl sbor pod veden\u00edm pan\u00ed u\u010ditelky Lenky \u010cechov\u00e9. Kv\u016fli covidu byla aktivita Canzony pozd\u011bji\u00a0zastavena. V z\u00e1\u0159\u00ed 2025 Canzona obnovila svoji \u010dinnost pod veden\u00edm sv\u00e9ho\u00a0zakladatele O. Cretana.<\/p><p>Canzona zkou\u0161\u00ed pravideln\u011b v \u00fater\u00fd od 16:45 do 18:15 ve t\u0159\u00edd\u011b 301, 2. patro\u00a0ZU\u0160 F. Chopina Mar. L\u00e1zn\u011b, Lu\u017eick\u00e1 412.<\/p><p><a href=\"https:\/\/canzona.zus-ml.cz\/canzona\/repertoar\/\">Reperto\u00e1r sboru<\/a> obsahuje \u00fapravy \u010desk\u00fdch lidov\u00fdch p\u00edsn\u00ed, \u00fapravy p\u00edsn\u00ed z poh\u00e1dek, p\u00edsn\u011b \u010desk\u00fdch a zahrani\u010dn\u00edch skladatel\u016f r\u016fzn\u00fdch obdob\u00ed, popul\u00e1rn\u00ed p\u00edsn\u011b, p\u00edsn\u011b z d\u011btsk\u00fdch muzik\u00e1l\u016f a film\u016f. Canzona zp\u00edv\u00e1 nejen v \u010desk\u00e9m jazyce, ale tak\u00e9 anglicky, n\u011bmecky, francouzsky, italsky a dokonce i latinsky.<\/p><p>P\u011bveck\u00fd sbor Canzona\u00a0pracuje na roz\u0161i\u0159ov\u00e1n\u00ed nejen sv\u00e9ho reperto\u00e1ru, ale i \u010dlensk\u00e9 z\u00e1kladny, a proto jsou nov\u00ed z\u00e1jemci o zp\u00edv\u00e1n\u00ed ve sboru v\u00edt\u00e1ni.<\/p>\t\t\t\t\t\t\t\t<\/div>\n\t\t\t\t<\/div>\n\t\t\t\t\t<\/div>\n\t\t\t\t<\/div>\n\t\t\t\t<\/div>\n\t\t","protected":false},"excerpt":{"rendered":"<p>O n\u00e1s Facebook Canzony Instagram Canzony 1.4.2026 z\u00edskala Canzona St\u0159\u00edbrn\u00e9 p\u00e1smo na p\u0159ehl\u00eddce p\u011bveck\u00fdch sbor\u016f Karl. kraje v Lokti 13.3.2026 z\u00edskala Canzona St\u0159\u00edbrn\u00e9 p\u00e1smo v krajsk\u00e9m kole sout\u011b\u017ee p\u011bveck\u00fdch sbor\u016f v Karlov\u00fdch Varech D\u011btsk\u00fd p\u011bveck\u00fd sbor\u00a0Canzona ZU\u0160 F. Chopina Mar. L\u00e1zn\u011b byl zalo\u017een v roce 2009 sbormistrem a u\u010ditelem zp\u011bvu [&hellip;]<\/p>\n","protected":false},"author":1,"featured_media":595,"parent":0,"menu_order":0,"comment_status":"closed","ping_status":"closed","template":"","meta":{"footnotes":""},"class_list":["post-19","page","type-page","status-publish","has-post-thumbnail","hentry"],"_links":{"self":[{"href":"https:\/\/canzona.zus-ml.cz\/canzona\/wp-json\/wp\/v2\/pages\/19","targetHints":{"allow":["GET"]}}],"collection":[{"href":"https:\/\/canzona.zus-ml.cz\/canzona\/wp-json\/wp\/v2\/pages"}],"about":[{"href":"https:\/\/canzona.zus-ml.cz\/canzona\/wp-json\/wp\/v2\/types\/page"}],"author":[{"embeddable":true,"href":"https:\/\/canzona.zus-ml.cz\/canzona\/wp-json\/wp\/v2\/users\/1"}],"replies":[{"embeddable":true,"href":"https:\/\/canzona.zus-ml.cz\/canzona\/wp-json\/wp\/v2\/comments?post=19"}],"version-history":[{"count":120,"href":"https:\/\/canzona.zus-ml.cz\/canzona\/wp-json\/wp\/v2\/pages\/19\/revisions"}],"predecessor-version":[{"id":1487,"href":"https:\/\/canzona.zus-ml.cz\/canzona\/wp-json\/wp\/v2\/pages\/19\/revisions\/1487"}],"wp:featuredmedia":[{"embeddable":true,"href":"https:\/\/canzona.zus-ml.cz\/canzona\/wp-json\/"}],"wp:attachment":[{"href":"https:\/\/canzona.zus-ml.cz\/canzona\/wp-json\/wp\/v2\/media?parent=19"}],"curies":[{"name":"wp","href":"https:\/\/api.w.org\/{rel}","templated":true}]}}