{"id":852,"date":"2025-12-26T12:30:23","date_gmt":"2025-12-26T11:30:23","guid":{"rendered":"https:\/\/canzona.zus-ml.cz\/canzona\/?page_id=852"},"modified":"2026-03-17T21:19:53","modified_gmt":"2026-03-17T20:19:53","slug":"clanky-o-vystoupenich","status":"publish","type":"page","link":"https:\/\/canzona.zus-ml.cz\/canzona\/clanky-o-vystoupenich\/","title":{"rendered":"\u010cl\u00e1nky o vystoupen\u00edch"},"content":{"rendered":"\t\t<div data-elementor-type=\"wp-page\" data-elementor-id=\"852\" class=\"elementor elementor-852\">\n\t\t\t\t<div class=\"elementor-element elementor-element-463f6ba e-flex e-con-boxed elementor-invisible e-con e-parent\" data-id=\"463f6ba\" data-element_type=\"container\" data-e-type=\"container\" data-settings=\"{&quot;animation&quot;:&quot;fadeInUp&quot;}\">\n\t\t\t\t\t<div class=\"e-con-inner\">\n\t\t\t\t<div class=\"elementor-element elementor-element-d1108e0 elementor-invisible elementor-widget elementor-widget-text-editor\" data-id=\"d1108e0\" data-element_type=\"widget\" data-e-type=\"widget\" data-settings=\"{&quot;_animation&quot;:&quot;fadeInUp&quot;}\" data-widget_type=\"text-editor.default\">\n\t\t\t\t\t\t\t\t\t<p align=\"left\" style=\"text-align: center;\"><a href=\"https:\/\/www.zus-ml.cz\/index.php\/o-skole\/orchestry-soubory-mainmenu-76\/pvecky-sbor-canzona\" target=\"_blank\" rel=\"noopener\" style=\"font-size: inherit; background-color: #ffffff;\">Archiv \u010dl\u00e1nk\u016f na webu ZU\u0160 F. Chopina Mari\u00e1nsk\u00e9 L\u00e1zn\u011b\u00a0<\/a><\/p>\t\t\t\t\t\t\t\t<\/div>\n\t\t\t\t\t<\/div>\n\t\t\t\t<\/div>\n\t\t<div class=\"elementor-element elementor-element-1c7d06f e-flex e-con-boxed elementor-invisible e-con e-parent\" data-id=\"1c7d06f\" data-element_type=\"container\" data-e-type=\"container\" data-settings=\"{&quot;animation&quot;:&quot;fadeInUp&quot;}\">\n\t\t\t\t\t<div class=\"e-con-inner\">\n\t\t\t\t<div class=\"elementor-element elementor-element-6b6f027 elementor-widget elementor-widget-text-editor\" data-id=\"6b6f027\" data-element_type=\"widget\" data-e-type=\"widget\" data-widget_type=\"text-editor.default\">\n\t\t\t\t\t\t\t\t\t<p>13.3.2026 Krajsk\u00e9 kolo sout\u011b\u017ee p\u011bveck\u00fdch sbor\u016f v Karlov\u00fdch Varech\u00a0<\/p><p>Prvn\u00ed sout\u011b\u017e po obnov\u011b sboru Canzona dopadla velmi dob\u0159e. V Karlov\u00fdch Varech z\u00edskal sbor st\u0159\u00edbrn\u00e9 p\u00e1smo a zvl\u00e1\u0161tn\u00ed ocen\u011bn\u00ed poroty za proveden\u00ed p\u00edsn\u011b \u201eHrajte si\u201c od Jana Vi\u010dara. D\u011bkujeme pan\u00ed Marii Skalkov\u00e9 za kr\u00e1sn\u00fd klav\u00edrn\u00ed doprovod. D\u011bti si v\u00fdlet a sout\u011b\u017e velmi u\u017eily a jako odm\u011bnu p\u0159i zp\u00e1te\u010dn\u00ed cest\u011b jsme ud\u011blali zast\u00e1vku u McDonald&#8217;s.<\/p><p>M\u016f\u017eete n\u00e1s sledovat tak\u00e9 na\u00a0<a href=\"https:\/\/www.instagram.com\/sbor_canzona\/\">Instagramu<\/a>\u00a0a\u00a0<a href=\"https:\/\/www.facebook.com\/profile.php?id=61577846126390&amp;locale=cs_CZ\">Facebooku<\/a><\/p>\t\t\t\t\t\t\t\t<\/div>\n\t\t\t\t\t<\/div>\n\t\t\t\t<\/div>\n\t\t<div class=\"elementor-element elementor-element-e670fac e-flex e-con-boxed elementor-invisible e-con e-parent\" data-id=\"e670fac\" data-element_type=\"container\" data-e-type=\"container\" data-settings=\"{&quot;animation&quot;:&quot;fadeInUp&quot;}\">\n\t\t\t\t\t<div class=\"e-con-inner\">\n\t\t\t\t<div class=\"elementor-element elementor-element-6c69169 elementor-widget elementor-widget-text-editor\" data-id=\"6c69169\" data-element_type=\"widget\" data-e-type=\"widget\" data-widget_type=\"text-editor.default\">\n\t\t\t\t\t\t\t\t\t<p>13.12.2026 Canzona zah\u00e1jila V\u00e1noce v\u00a0Dom\u011b Chopin.<\/p><p>D\u011btsk\u00fd p\u011bveck\u00fd sbor Canzona pod veden\u00edm Olimpia Cretana v uplynul\u00fdch dnech potvrdil, \u017ee pat\u0159\u00ed k rodinn\u00e9mu st\u0159\u00edbru na\u0161\u00ed kulturn\u00ed sc\u00e9ny. V sobotu 13. prosince se n\u00e1dvo\u0159\u00ed domu Chopin prom\u011bnilo v m\u00edsto jako z poh\u00e1dky. Pr\u00e1v\u011b zde d\u011btsk\u00fd p\u011bveck\u00fd sbor Canzona slavnostn\u011b zah\u00e1jil V\u00e1noce. Navzdory zimn\u00edmu po\u010das\u00ed bylo n\u00e1dvo\u0159\u00ed zapln\u011bno do posledn\u00edho m\u00edsta. Div\u00e1ci, obklopeni st\u00e1nky s \u0159emesln\u00fdmi produkty a l\u00e1kavou v\u016fn\u00ed tepl\u00fdch n\u00e1poj\u016f a v\u00e1no\u010dn\u00edch dobrot, vytvo\u0159ili sboru \u00fa\u017easnou kulisu. D\u011bti nastoupily s p\u00e1smem tradi\u010dn\u00edch \u010desk\u00fdch koled, kter\u00e9 k na\u0161im V\u00e1noc\u016fm neodmysliteln\u011b pat\u0159\u00ed. Sv\u00fdmi hlasy d\u011bti rozezn\u011bly historick\u00e9 prostory a vnesly do srdc\u00ed poslucha\u010d\u016f ten prav\u00fd v\u00e1no\u010dn\u00ed klid. Lid\u00e9 v davu ztichli a se zatajen\u00fdm dechem poslouchali \u010dist\u00e9 d\u011btsk\u00e9 hlasy nesouc\u00ed se zimn\u00edm vzduchem. V\u00fdkon sboru byl vynikaj\u00edc\u00ed a odm\u011bnou mu byl bou\u0159liv\u00fd potlesk v\u0161ech p\u0159\u00edtomn\u00fdch. Po vystoupen\u00ed, dostaly d\u011bti tu \u010dest odpo\u010d\u00edtat slavnostn\u00ed rozsv\u00edcen\u00ed v\u00e1no\u010dn\u00edho stromu.<\/p><p>15.12.2026 Vyvrcholen\u00ed koncertu p\u011bveck\u00e9ho odd\u011blen\u00ed v s\u00e1le ZU\u0160<\/p><p>O pouh\u00e9 dva dny pozd\u011bji, v pond\u011bl\u00ed 15. prosince, se hudebn\u00ed oslavy p\u0159esunuly do komorn\u011bj\u0161\u00edho, ale nem\u00e9n\u011b slavnostn\u00edho prost\u0159ed\u00ed s\u00e1lu ZU\u0160 Fryderyka Chopina. V r\u00e1mci koncertu p\u011bveck\u00e9ho odd\u011blen\u00ed p\u0159ipadla sboru Canzona \u010destn\u00e1 role \u2013 cel\u00e9 vystoupen\u00ed uzav\u00edrat.<\/p><p>S\u00e1l byl op\u011bt zcela zapln\u011bn\u00fd rodi\u010di, p\u0159\u00e1teli \u0161koly i milovn\u00edky hudby. D\u011bti zp\u00edvaly s obrovsk\u00fdm nasazen\u00edm a jejich projev byl pod taktovkou Olimpia Cretana profesion\u00e1ln\u00ed a dojemn\u00fd z\u00e1rove\u0148. Kdy\u017e dozp\u00edvaly posledn\u00ed t\u00f3ny, s\u00e1lem se ozval dlouhotrvaj\u00edc\u00ed potlesk, kter\u00fd byl jasn\u00fdm vzkazem pro mal\u00e9 zp\u011bv\u00e1ky i jejich sbormistra:\u201c Va\u0161e hudba n\u00e1m ud\u011blala V\u00e1noce kr\u00e1sn\u011bj\u0161\u00ed\u201c. Canzona op\u011bt dok\u00e1zala, \u017ee hudba je t\u00edm nejlep\u0161\u00edm zp\u016fsobem, jak spojit lidi a oslavit nejkr\u00e1sn\u011bj\u0161\u00ed sv\u00e1tky v roce. Mari\u00e1nsk\u00e9 L\u00e1zn\u011b mohou b\u00fdt na sv\u016fj d\u011btsk\u00fd p\u011bveck\u00fd sbor pr\u00e1vem hrd\u00e9.<\/p>\t\t\t\t\t\t\t\t<\/div>\n\t\t\t\t\t<\/div>\n\t\t\t\t<\/div>\n\t\t\t\t<\/div>\n\t\t","protected":false},"excerpt":{"rendered":"<p>Archiv \u010dl\u00e1nk\u016f na webu ZU\u0160 F. Chopina Mari\u00e1nsk\u00e9 L\u00e1zn\u011b\u00a0 13.3.2026 Krajsk\u00e9 kolo sout\u011b\u017ee p\u011bveck\u00fdch sbor\u016f v Karlov\u00fdch Varech\u00a0 Prvn\u00ed sout\u011b\u017e po obnov\u011b sboru Canzona dopadla velmi dob\u0159e. V Karlov\u00fdch Varech z\u00edskal sbor st\u0159\u00edbrn\u00e9 p\u00e1smo a zvl\u00e1\u0161tn\u00ed ocen\u011bn\u00ed poroty za proveden\u00ed p\u00edsn\u011b \u201eHrajte si\u201c od Jana Vi\u010dara. D\u011bkujeme pan\u00ed Marii Skalkov\u00e9 [&hellip;]<\/p>\n","protected":false},"author":1,"featured_media":0,"parent":0,"menu_order":0,"comment_status":"closed","ping_status":"closed","template":"","meta":{"footnotes":""},"class_list":["post-852","page","type-page","status-publish","hentry"],"_links":{"self":[{"href":"https:\/\/canzona.zus-ml.cz\/canzona\/wp-json\/wp\/v2\/pages\/852","targetHints":{"allow":["GET"]}}],"collection":[{"href":"https:\/\/canzona.zus-ml.cz\/canzona\/wp-json\/wp\/v2\/pages"}],"about":[{"href":"https:\/\/canzona.zus-ml.cz\/canzona\/wp-json\/wp\/v2\/types\/page"}],"author":[{"embeddable":true,"href":"https:\/\/canzona.zus-ml.cz\/canzona\/wp-json\/wp\/v2\/users\/1"}],"replies":[{"embeddable":true,"href":"https:\/\/canzona.zus-ml.cz\/canzona\/wp-json\/wp\/v2\/comments?post=852"}],"version-history":[{"count":31,"href":"https:\/\/canzona.zus-ml.cz\/canzona\/wp-json\/wp\/v2\/pages\/852\/revisions"}],"predecessor-version":[{"id":1253,"href":"https:\/\/canzona.zus-ml.cz\/canzona\/wp-json\/wp\/v2\/pages\/852\/revisions\/1253"}],"wp:attachment":[{"href":"https:\/\/canzona.zus-ml.cz\/canzona\/wp-json\/wp\/v2\/media?parent=852"}],"curies":[{"name":"wp","href":"https:\/\/api.w.org\/{rel}","templated":true}]}}